2. Let b be j(0). Suppose -15 = b*d - 42. What are the prime factors of d?
3
Let n = -1 + 6. Suppose j - n*j = 8. List the prime factors of 0/j + 0 + 9.
3
Suppose y = 3*h - 17, -3*y - 2*y = -4*h + 8. Suppose -h*x + 5*x = -34. List the prime factors of x.
17
Suppose 19 + 5 = 4*f. Suppose 0 = -2*x + f*x - 8. Suppose 2*d - 3*d = -x. What are the prime factors of d?
2
Suppose 0 = -5*a - 4*t + 100, 4*t - 22 - 54 = -4*a. What are the prime factors of a?
2, 3
Let c(h) = -h**3 - 3*h**2 - 17*h + 3. List the prime factors of c(-7).
2, 3, 53
Let g(k) = 5*k + 2. Let q be g(-2). What are the prime factors of ((-4)/(-6))/(q/(-300))?
5
Let f(n) = 8*n**2 + n + 2. Suppose 0*b = 4*b + 8. List the prime factors of f(b).
2
Suppose 0 = 3*u + 31 - 88. List the prime factors of u.
19
Suppose 96 = -2*g + 6*g. List the prime factors of g.
2, 3
Let f(g) = 25*g**2 + 5*g - 5. List the prime factors of f(1).
5
Let j be (-2)/3*12/(-8). Suppose -5*k + 4*i = 3*i, 0 = 2*i. What are the prime factors of 15/(j - k) - 1?
2, 7
Suppose 7*x - 3*x = 4*y - 36, -5*x + 10 = 0. Let f = -2 - 0. Let m = y + f. List the prime factors of m.
3
Suppose 4*k = 6*k + 6. Let t be k/((-9)/12) + -2. Suppose -3*g - 3*a + 45 = 0, t*g + 4*a - 34 = a. List the prime factors of g.
11
Let w = -39 + 21. Let p = w + 29. List the prime factors of p.
11
Let d = -49 - -128. What are the prime factors of d?
79
Let p = 6 - -4. Let o be ((-12)/(-5))/(2/15). Let r = o - p. What are the prime factors of r?
2
Let q(z) = -z**3 - 4*z**2 + 5*z + 4. Let v be q(-5). Suppose v*c - 13 = 11. Suppose -b - 35 = -c*b. List the prime factors of b.
7
Let q(c) = -c - 10. Let i be q(-12). Let v = -2 + 10. Suppose 28 + v = i*f. List the prime factors of f.
2, 3
Suppose 0 = -0*m - m + 112. Suppose -m = -5*z - 42. List the prime factors of z.
2, 7
Let m(v) = -3*v + 3. Suppose -2*o + 8 = -c + 1, 3*o - 23 = 4*c. What are the prime factors of m(c)?
2, 3
Suppose 0 = 3*v - 3*a + 27, v - a = 3*a - 21. Let w be (0 - 6)*20/(-6). Let p = v + w. List the prime factors of p.
3, 5
Let f(o) = o + 12. Let u be f(-7). Suppose 3*c - h - 130 = -c, -4*c - u*h + 118 = 0. Suppose -m = -5*m + c. What are the prime factors of m?
2
Suppose 0*n = n. Suppose 2*v - k + 120 = 6*v, 2*v - 3*k - 46 = n. What are the prime factors of v?
29
Let m(s) = 4*s - 1. Let c be m(1). Suppose 45 = 3*z - c*v + 5*v, -2 = z - 5*v. What are the prime factors of z?
13
Let u(k) be the third derivative of 0*k + 0 - 3*k**2 - 1/24*k**4 + 3*k**3. What are the prime factors of u(0)?
2, 3
Let w be (-2024)/(-48) - (-1)/(-6). List the prime factors of (4 + -1)/(w/308).
2, 11
Suppose -5 = 5*t - 6*t. Let k = -20 + 23. Let b = t - k. List the prime factors of b.
2
Let q = 13 - 9. Suppose -3*t - 8*x + 53 = -3*x, q*t - 67 = -3*x. What are the prime factors of t?
2
Let q = 165 + -73. Suppose z + 20 - q = -3*b, 0 = 5*z. What are the prime factors of b?
2, 3
List the prime factors of 12/(-16) - 486/(-8).
2, 3, 5
Let h = 1 + 8. What are the prime factors of h + 0 + 4 + -1?
2, 3
Let a(p) = 8*p - 44. What are the prime factors of a(8)?
2, 5
Let v = -3 + 5. Suppose -k + 19 = 4*b, k - v*k - 26 = -5*b. What are the prime factors of b?
5
Let z(k) = -19*k - 10. List the prime factors of z(-14).
2
Suppose 0 = 4*y + 2*p + 4 + 12, 5*p - 16 = 4*y. What are the prime factors of (-45)/60 + (-87)/y?
3, 7
Suppose 8 = -5*t - 2. Let l = t + 5. List the prime factors of l.
3
Suppose -4 = -2*t, -2*a - t = -0*t - 42. List the prime factors of a.
2, 5
Suppose 0*v = 2*v - 10. Let k(h) = -6 + 5 + 9*h**2 - h**3 + v + 4. List the prime factors of k(9).
2
Let j(z) = 2*z**3 - 2*z**2 - 2*z. Let q be j(2). Let w be 6*(0 + (-2)/(-6)). Suppose f - 18 = -w*o, o - 37 = -q*f - 0*f. What are the prime factors of f?
2
Let i = 13 + -6. List the prime factors of i.
7
Let t = 2 - 0. Suppose 4*z + t = 3*z. List the prime factors of 9 + 2 + z - 0.
3
Suppose -5*z + 260 = 105. What are the prime factors of z?
31
Suppose 2136 = 16*b - 8*b. List the prime factors of b.
3, 89
Suppose -3*r + 2*i = -19, 0*i = -r - 3*i - 12. Suppose -23 = -g - r. Suppose s - 6*s = -g. List the prime factors of s.
2
Let y = 8 - 12. List the prime factors of 63/4 + y/(-16).
2
Suppose 20 = 4*q - p, -4*p = 5*q - 5 + 1. Suppose w + 34 = 4*w + 5*t, 3*w - 70 = q*t. What are the prime factors of w?
2, 3
Suppose -4*j = 4*f - 16, -5*f - 3*j + 13 - 3 = 0. Suppose -1 = 3*u + 2*i, -4*i + 31 = 2*u - 9*i. Let v = u + f. What are the prime factors of v?
2
Let s = -58 - -238. List the prime factors of s.
2, 3, 5
Suppose 46 + 22 = 2*v. List the prime factors of v.
2, 17
Let k = -215 + 346. Let g = k + -85. Suppose -4*w + 26 = -g. What are the prime factors of w?
2, 3
Suppose 3*m = -0*m + 561. List the prime factors of m.
11, 17
Suppose g + 4*n + 14 = 246, 4*g + 4*n = 988. What are the prime factors of g?
2, 3, 7
Let g be 3 - -23 - (-1 + 2). Let j be (680/g)/((-2)/(-15)). List the prime factors of 2/7 - j/(-21).
2, 5
Let r(g) = 4*g**2 + 7*g - 3. What are the prime factors of r(-4)?
3, 11
What are the prime factors of (4 - 2)*(14 - 2)?
2, 3
Let p = 8 + -1. List the prime factors of p.
7
Suppose -2*w - 6 = 2*p, -4*p - 1 = 2*w - 3*p. Let y(l) = 2*l**2 - 1 - l**3 + w*l**3 - 3*l + l. What are the prime factors of y(-2)?
3
Let k = 7 + 12. Suppose -2*p + k = -9. Suppose -4*d + p = -22. List the prime factors of d.
3
Let u = 256 - 62. List the prime factors of u.
2, 97
Suppose 3*o - 49 = 29. Let f = -13 + o. What are the prime factors of 2/(-1) + (f - 1)?
2, 5
List the prime factors of 2 + (67 - -4) + 4.
7, 11
Let r be 6/(6/3) + 3. Let z = -6 + r. List the prime factors of -1*(-9 + (-3 - z)).
2, 3
List the prime factors of -3 - (0/(-1))/(-4) - -259.
2
What are the prime factors of (-20 - 4)/((-9)/6)?
2
Suppose 0 = -2*n + 4*n - 178. What are the prime factors of n?
89
Let v = -6 - -6. Suppose 4*f = -v*f - 48. List the prime factors of (-186)/f - (-2)/(-4).
3, 5
Let c = -344 + 544. List the prime factors of c.
2, 5
Let i be (2/2)/1 + 6. Let m(b) = b**2 - 17*b - 28. Let j be m(19). Let v = i + j. What are the prime factors of v?
17
Let p be 3/(-18)*2*-6. Suppose p*k = -6 - 6. Let j = -4 - k. List the prime factors of j.
2
Let s be -30*1/(-6)*-4. Let c be (-3 + s/(-6))*-9. Let i(d) = d**2 + 3*d + 3. List the prime factors of i(c).
3
What are the prime factors of ((-12)/8)/((-6)/412)?
103
Let k(m) = m**3 + 5*m**2 + 4. What are the prime factors of k(-5)?
2
Let y be (-1)/(-1 - 6/(-8)). Suppose -40 = -y*m - 4. List the prime factors of m.
3
Let q(r) = -r - 13. Let k be q(-11). What are the prime factors of 3/k*(-34)/3?
17
Let k(b) = 5*b - 4. Let i(h) = h - 1. Let c(y) = 3*i(y) - k(y). What are the prime factors of c(-7)?
3, 5
Let m(f) = -9*f**2 + f. Let x be m(-1). Let w be (-3)/((-30)/(-16))*x. Suppose -2*i + 4 = 2*d, 3*i = 4*d - 3 + w. List the prime factors of i.
3
Suppose -3*z - 23 = 1. Let y = 22 + z. What are the prime factors of y?
2, 7
Suppose 3*b - 2*b = 4. Suppose 0 = y - 3 - b. What are the prime factors of y?
7
Let p be ((-99)/6)/1*-2. Suppose 2*t = 3*t + 3*j - p, 0 = t + 2*j - 30. List the prime factors of t.
2, 3
Suppose -j = -0*j - 5. Suppose 0 = -4*b + j*u + 77, -u = -b + 5 + 13. Let r = b - 7. List the prime factors of r.
2, 3
List the prime factors of (-4)/(-6) - (2 - (-4900)/(-21)).
2, 29
Suppose 5*l - 3*l + 4 = b, -2*b + 26 = 2*l. Suppose -i + b = 3*a - 3*i, 0 = 5*a + 3*i - 4. List the prime factors of a*(1 + 4 - -1).
2, 3
What are the prime factors of 3 + (-6)/(3/(-1))?
5
Suppose -2*d = 0, 4*d = u - 0*u + 5. Let l(i) = -i + 2*i - 2*i. List the prime factors of l(u).
5
What are the prime factors of (-2)/13 + 9128/182?
2, 5
Let l(w) be the second derivative of -3*w**5/10 - w**4/6 + w**2/2 - w. List the prime factors of l(-2).
41
Let r(i) be the third derivative of i**4/4 + i**3/3 + 10*i**2. List the prime factors of r(9).
2, 7
Let t = -18 - -44. Suppose -94 - t = -5*b. What are the prime factors of b?
2, 3
Suppose 3*f = -f + 24. Let l be -1 + (16/2)/2. Suppose -f*u + 12 = -l*u. What are the prime factors of u?
2
Let d(y) = y**3 - 7*y**2 - 6*y - 1. Suppose 5*g = 35 + 5. What are the prime factors of d(g)?
3, 5
Suppose 0 = -2*k - 3*k + 595. List the prime factors of k.
7, 17
What are the prime factors of 20*(0 + (-64)/(-10) + 2)?
2, 3, 7
Let d(g) = g + 4. Let v(z) = z**3 +